*p + 15 = 0. Suppose -d = 2*f - 9, 5*j = 4*f + 7388. What is the tens digit of j?
7
Let w(d) = d**2 - 51 - 3*d + 40*d**3 - d + 10*d**2 - 39*d**3. What is the units digit of w(-10)?
9
Let v be (13 - -3 - -8)/(2*-1). Let n(k) = 5*k**2 - 6*k - 4. Let c be n(5). Let p = v + c. What is the tens digit of p?
7
Suppose -4 = 2*p - 3*n, -2*n + 0*n = 4*p - 24. Suppose 0 = -5*y, -3*h + 3 = 3*y - 0*y. Suppose -2*v = -2, c - 4*v = h - p. What is the units digit of c?
1
Suppose -2*x + 26 = 58. Let b = x + 19. Suppose 3*q + 5*r = 2*r + 174, -b*r = -4*q + 225. What is the tens digit of q?
5
Suppose 11 - 21 = -5*w. What is the hundreds digit of w + 2106/14 + 16/28?
1
What is the ten thousands digit of (-102)/153 + 4 + 366562/6?
6
Suppose -5*k = g + 12, -k + 4*k = -3*g - 48. Let p(s) = -s**2 - 25*s + 50. What is the tens digit of p(g)?
8
Let r(k) = -5*k - 62. Let z be r(-12). What is the tens digit of z/((-6)/(-1491))*9/(-9)?
9
What is the units digit of (-3 + 1)*9868*6/(-48)?
7
Suppose 5*q = 4*g - 715, 127 = -q - 22*g + 26*g. What is the units digit of (-8722)/q*(-126)/(-4)?
9
Suppose 5*y + 147 = -13*i + 19*i, 9 = 3*y. What is the units digit of i?
7
Suppose -951159 = -316*y + 11268644 + 248609. What is the units digit of y?
7
Let f(w) = w**3 - 2*w**2 - w - 8. Let s be f(3). Let z be (3 - 3)*s/(-6). Suppose z = -c - 0*c - 3*m + 5, 3*m = -4*c + 29. What is the units digit of c?
8
Suppose 0 = -29*n + 42*n - 58305. What is the hundreds digit of n?
4
Suppose 1335830 = 80*p - 81210. What is the thousands digit of p?
7
Let r = -128 - -132. Let i(p) = 75*p + 54. What is the units digit of i(r)?
4
Suppose -80 = 3*g + 5*f, -69 = 2*g + 5*f - 14. Let x be -1 + g/(-5) + 11. Suppose -x*w + 215 = -10*w. What is the units digit of w?
3
Let i(h) = -3015*h + 12. What is the hundreds digit of i(-3)?
0
What is the ten thousands digit of 2/13 + (-19178400)/(-1560)?
1
Let f = 6519 - 97. What is the hundreds digit of f?
4
Let w(q) = -400*q + 1902. What is the units digit of w(-10)?
2
Suppose 823*w = 830*w - 40754. What is the hundreds digit of w?
8
Let k = -24 - -61. Suppose 2*i = 4*a - 43 - 21, -4*i + k = 3*a. Suppose 10*r + 305 = a*r. What is the tens digit of r?
6
Let j = 27 + 9. Let q be (-8)/(-3)*j/16. Suppose a = q*a - 1080. What is the units digit of a?
6
Suppose 4*f + 75 = 95. Suppose q = 3*q - a - 378, 2*a = f*q - 944. What is the tens digit of q?
8
Suppose -6*u + 3 = -9*u, -2*m + 2*u + 56104 = 0. What is the ten thousands digit of m?
2
Let b(s) = 1116*s - 15871. What is the tens digit of b(62)?
2
Let p = -220 + 227. Let g(y) = 17*y - 89. What is the units digit of g(p)?
0
What is the hundreds digit of 669/(-1784) + (231433/24 - (-2)/6)?
6
Let z(a) be the third derivative of -779*a**6/120 + a**5/60 + a**4/8 + a**3/3 + 43*a**2. What is the tens digit of z(-1)?
7
Let v(t) = 110*t**2 - 26*t - 233. What is the hundreds digit of v(-6)?
8
Suppose f + 3636 = 19*f. Suppose -5*n + f - 7 = 0. What is the tens digit of n?
3
Suppose 4*h + 6 = 10. Let z be 2 + h/(4/28). Suppose -z*k = -7*k - 216. What is the hundreds digit of k?
1
Let p = 79 - 82. Let r be 4 - (p/9 + 4/(-6)). What is the units digit of 12 - r - (1 - -1)?
5
Suppose 2848*c + 5*h + 23229 = 2852*c, -23236 = -4*c + 4*h. What is the units digit of c?
6
Let r = 4206 - 4210. Let i(d) = -d**3 - d**2 + 1. Let b(c) = -3*c**3 + c**2 - 6*c + 12. Let u(n) = b(n) - 4*i(n). What is the units digit of u(r)?
8
Let m be 6 + -3 + 4 + -5. What is the units digit of -2 + 348 + m + -4?
4
Let o(g) = -g**3 - g**2 - 2*g + 5397. Let z be o(0). What is the tens digit of (-6 - (z - 0))/(-3)?
0
Let s(z) = -2*z**2 - 14*z. Suppose 5*d = -1 - 14. What is the units digit of s(d)?
4
Suppose -73*g - 143424 = -209361 - 710199. What is the units digit of g?
2
Suppose -c - 3*m + 1 + 1 = 0, -2 = 2*m. Suppose c*x + 90 = 2*x. What is the tens digit of (x/5)/((-2)/25)?
7
Let v = 2625 + 5484. What is the units digit of v?
9
Let y(u) = 7*u - 29. Let m be y(4). What is the units digit of (-1)/((-7)/3878) + m?
3
Suppose -22*b - 12 = -26*b. What is the tens digit of (b - (-72)/(-32))*672/1?
0
Suppose -l - 12 - 31 = -3*c, -c - 7 = 5*l. Suppose c*u + 363 = -222. What is the units digit of u/10*(260/6)/(-5)?
9
Let a(j) = 9*j**2 + 179*j + 16. Let k be a(-21). Suppose r + 2*h = 87, 7*h = 2*r + 2*h - 219. Let q = k - r. What is the hundreds digit of q?
1
What is the units digit of (168/(-18) + 6)*-1*2358/15?
4
Suppose -44*t - 45*t + 353*t - 2948352 = 0. What is the thousands digit of t?
1
Let k = -1776 + 2469. What is the units digit of k?
3
What is the hundreds digit of 224490/6 + (-90)/63*14/(-4)?
4
Let m(v) = v**3 - 6*v**2 - 7*v + 8. Let z be m(7). Suppose 5*i = 2*f + 9214, 0 = 4*f + z. Suppose -12*k = 594 - i. What is the units digit of k?
4
Suppose -6*p = -0*p - 1338. Let w = p - 122. Let x = 43 + w. What is the units digit of x?
4
Let l = 16025 + -8570. What is the thousands digit of l?
7
Suppose w = 17*y - 16*y - 8018, -3*w = y - 8026. Suppose -4812 = -3*j - n, -2*j - 3*j - 5*n = -y. What is the tens digit of j?
0
Let r(c) = c**2 + 8*c + 11. Let z be r(-7). Suppose -4*m + 6164 = b - 1126, 5*m = -z*b + 9107. What is the hundreds digit of m?
8
Suppose -113576 = -5*t + 25*c - 28*c, t - 5*c = 22732. What is the tens digit of t?
1
Suppose -2*c - 128 = 2*c. Let j = 1572 - 1630. Let d = c - j. What is the tens digit of d?
2
Let s be (-2)/4 - 2685*(-21)/14. Suppose -3*i - 318 - s = -5*f, -2*i = f - 869. What is the hundreds digit of f?
8
Let x(z) = z**3 + 12*z**2 + 11*z + 6. Let k be x(-11). Let r be -1*-18*(-39)/k. What is the units digit of (-844)/(-9) + (-26)/r?
4
Suppose 153*t - 150*t - 5*n - 12922 = 0, 0 = -2*n + 8. What is the tens digit of t?
1
Suppose -2679*m + 2674*m + 10290 = 0. Suppose 3*l - 4*g = 2542, 4*l - m = 4*g + 1330. What is the tens digit of l?
4
Suppose 5*n - 11*n = 2*n - 370376. What is the units digit of n?
7
Let k be -3 - (1 + 0)*-3. Let c be 0/(k - (-4 - -2)) + 5. Suppose -2*j + 4*o = -50, -c*j + o + 4*o + 110 = 0. What is the tens digit of j?
1
Let t = -66 + 131. Suppose 4*p = t + 7. Suppose -p*i = -11*i - 1519. What is the units digit of i?
7
Let b(w) = 3*w**2 - 105*w - 235. What is the tens digit of b(58)?
6
Let i = -129 - -210. Let d = i + 129. What is the hundreds digit of d?
2
Suppose -5*w + 22 = 32, -5*r = -3*w - 7756. What is the thousands digit of r?
1
Suppose 5*r - 3*z + z - 38 = 0, 3*z = -2*r. Let c = 330 - r. Suppose -c = -7*x + 1104. What is the units digit of x?
4
Let q = 34755 + -12602. What is the hundreds digit of q?
1
What is the tens digit of ((-10319)/(-170))/((-2)/(-20))*12?
8
Let d(s) = -22*s**3 - 4*s**2 - 16*s - 95. What is the tens digit of d(-7)?
6
Let m = 89477 + -61806. What is the hundreds digit of m?
6
Let b(w) = w**3 - 4*w**2 + w + 7842. What is the units digit of b(0)?
2
Let i be 2 + (-516)/(-7) - (-10)/35. Let f = 222 - 92. Let b = f - i. What is the tens digit of b?
5
Let s be (4 - (-2 + 2)) + -6 + 11. Suppose s*n = -8*n - 714. What is the units digit of (-3 + 13)/((-2)/n)?
0
What is the tens digit of (26188/112 + (-32)/56)/((-15)/(-40))?
2
Suppose 0*x + 1498 = 2*x + 2*b, 2980 = 4*x - 4*b. Suppose 4*r - 2*v = 1778, 117 + x = 2*r + 4*v. What is the tens digit of r?
4
Suppose -3*y = -l + 623, -3*y - 3127 = -2*l - 3*l. Suppose 0*a = -2*h + 2*a + l, 4*h + 5*a - 1261 = 0. What is the units digit of h?
4
Suppose -g + 8938 - 522 = -t, -3*t = -g + 8410. What is the thousands digit of g?
8
Let j(t) be the second derivative of 1/2*t**2 + 0 + 41/6*t**3 - 10*t. What is the tens digit of j(2)?
8
Let z(d) = 85 - 87 + 207*d - 27*d. Let r be z(2). Let x = r - 116. What is the hundreds digit of x?
2
Let o = 1810 + -320. What is the thousands digit of o?
1
Let g be 15/(15/2) + 1 + 1. Suppose r - 2*d = -0*d + 187, -g*r = 5*d - 709. What is the tens digit of r?
8
Suppose -i + 2*i - 1 = 0. What is the units digit of (397 + 0)/((i - 2)/(-1))?
7
Let h(a) be the third derivative of -65*a**4/24 + 41*a**3/6 - 16*a**2 + 4. What is the thousands digit of h(-15)?
1
Suppose -84314 = -12*i + 83350. What is the hundreds digit of i?
9
Let r(z) = z**2 + 10*z + 48. Let c(v) = -4*v + 15. Let x be c(7). What is the units digit of r(x)?
7
Let h(w) = 7*w**2 + 6*w + 11. Let x be h(-7). Suppose -2*n + x + 113 = 5*b, 3*n + 5*b - 625 = 0. Suppose n = -38